*p**2 + 477*p - 10999. Give f(28).
5
Let h(x) = -146*x**2 + 214*x - 1056. Calculate h(5).
-3636
Let p(a) = -3*a**2 + 45602*a - 136850. Determine p(3).
-71
Let k(z) = 2*z**3 + 11*z**2 - 394*z - 25. What is k(-10)?
3015
Let u(h) = 78*h**3 + 171*h**2 - 477*h - 65. Determine u(3).
2149
Let o(h) = 35697*h + 1963375. Determine o(-55).
40
Let d(l) = -35*l**2 + 249*l - 247. Calculate d(1).
-33
Let n(y) = 13*y**3 - 20*y**2 - 7*y - 101. Give n(5).
989
Let i(u) = -2*u**3 - 8*u**2 + 2*u + 386. Determine i(0).
386
Let f(w) = -35434*w + 70866. What is f(2)?
-2
Let m(k) = -4521*k - 27110. Give m(-6).
16
Let f(m) = -6516*m - 91291. Determine f(-14).
-67
Let u(v) = 7*v**2 + 326*v - 520. Give u(-48).
-40
Let h(g) = g**3 - 24*g**2 + 40*g + 1403. Give h(16).
-5
Let b(q) = -785*q - 2671. What is b(-4)?
469
Let u(r) = -6*r**2 - 619*r + 4230. Calculate u(-107).
1769
Let i(j) = 7*j**3 + 572*j**2 - 751*j - 183. Give i(-83).
149
Let r(j) = 6*j**2 - 120*j + 1433. What is r(11)?
839
Let q(k) = -6*k**2 - 1344*k + 1601. Give q(-225).
251
Let v(y) = 474*y + 137461. Determine v(-290).
1
Let b(c) = 500*c - 34390. What is b(64)?
-2390
Let w(c) = -3389*c - 3377. Calculate w(-1).
12
Let w(g) = 3*g**2 - 246*g - 638. Determine w(0).
-638
Let q(w) = 4907*w + 22596. What is q(-4)?
2968
Let t(x) = -79101*x + 553709. Calculate t(7).
2
Let l(s) = 5*s**3 + 21597*s - 3. Calculate l(0).
-3
Let s(b) = 546*b - 183452. Determine s(336).
4
Let z(k) = -12*k**2 - 4631*k + 27707. Give z(6).
-511
Let w(k) = -2*k**3 + 76*k**2 + 445*k - 14008. Determine w(39).
305
Let g(x) = -827*x - 277003. What is g(-335)?
42
Let o(d) = d**3 - 32*d**2 - 221*d - 7. Determine o(0).
-7
Let j(z) = 2*z**3 + 24*z**2 - 39*z - 20. What is j(-12)?
448
Let t(a) = -43*a**3 - 3344*a**2 + 772*a - 608. Give t(-78).
16
Let h(t) = t**3 + 180*t**2 - 1320*t - 2046. Determine h(-187).
11
Let j(m) = 1989*m + 4095. Determine j(-2).
117
Let l(z) = 2*z**2 - 188*z + 1367. Give l(8).
-9
Let p(g) = -7890*g - 2106691. Calculate p(-267).
-61
Let m(b) = 27318*b + 491721. Give m(-18).
-3
Let v(u) = 70*u**2 - 1080*u + 461. Give v(15).
11
Let w(d) = -1080*d**2 + 1033563*d - 2861. Determine w(957).
10
Let h(q) = -32*q**2 - 247*q - 285. What is h(-5)?
150
Let k(a) = -5701*a + 153931. What is k(27)?
4
Let j(b) = 113311*b + 5438931. Calculate j(-48).
3
Let y(l) = l**2 - 339*l + 11581. Give y(39).
-119
Let b(f) = -f**3 + 429*f**2 - 2139*f + 33. Calculate b(5).
-62
Let w(z) = 2*z**3 + 64*z**2 - 101*z + 36. Give w(1).
1
Let u(o) = 3*o**2 - 207*o + 3616. Calculate u(38).
82
Let a(y) = -y**3 + 10*y**2 + 174*y + 44. What is a(18)?
584
Let b(a) = 5*a**3 - 2884*a**2 - 148*a - 247528. Determine b(577).
5
Let z(k) = -564*k - 7281. Determine z(-13).
51
Let s(y) = y**2 + 1681*y - 88447. What is s(51)?
-115
Let t(u) = -u**3 - 130*u**2 + 1102*u - 262. Determine t(-138).
14
Let n(t) = 24*t**2 + 3323*t - 1783. What is n(-139)?
24
Let g(b) = -b**3 + 20*b**2 + 723*b - 1495. Calculate g(38).
-13
Let z(w) = 10704*w - 106852. Determine z(10).
188
Let s(x) = 13532*x - 40607. Determine s(3).
-11
Let a(w) = w**2 + 44*w - 28771. Give a(-191).
-694
Let l(b) = b**2 - 17608*b + 439620. Calculate l(25).
45
Let a(p) = -1482*p + 7318. Determine a(5).
-92
Let d(h) = -1448*h - 175218. What is d(-121)?
-10
Let p(o) = -16*o**3 - 3523*o**2 - 663*o - 384. Determine p(-220).
276
Let l(b) = 321*b**3 - 4*b**2 + 31*b + 37. Determine l(-1).
-319
Let p(w) = -6546*w - 6554. Give p(-1).
-8
Let s(h) = -h**3 - 76*h**2 + 3528*h + 275704. Give s(-71).
11
Let b(a) = -65*a**2 + 755*a - 1533. Calculate b(9).
-3
Let y(x) = 5*x**2 - 289*x + 1952. Give y(49).
-204
Let s(p) = -8*p**2 + 9*p + 2192. Calculate s(-21).
-1525
Let z(j) = -j - 285. Calculate z(-10).
-275
Let k(q) = 25*q**3 + 131*q**2 - 273*q - 958. Give k(-6).
-4
Let m(g) = 2*g**3 + 2566*g**2 + 113804*g - 90. Calculate m(-46).
-90
Let p(v) = 3*v**3 - 314*v**2 + 774*v + 4267. What is p(102)?
-17
Let y(q) = 10*q**3 - 132*q**2 + 236*q - 2738. Give y(13).
-8
Let w(o) = 2*o**2 - 2442*o + 621918. Give w(859).
2
Let j(l) = -l**3 - 243*l**2 - 723*l - 1354. Give j(-240).
-634
Let a(w) = -17*w**2 + 595*w - 2357. Calculate a(32).
-725
Let m(s) = s**3 - 11*s**2 + 455*s + 2705. Determine m(-6).
-637
Let y(k) = -521029*k - 17714984. What is y(-34)?
2
Let w(b) = -4*b**3 + 113*b**2 + 404*b - 12104. Determine w(28).
-8
Let j(h) = 3459*h - 3735. Calculate j(1).
-276
Let v(r) = r**3 + 135*r**2 + 57*r + 8436. What is v(-135)?
741
Let n(z) = -295*z - 48857. What is n(-171)?
1588
Let f(o) = 380*o + 32637. Give f(-86).
-43
Let v(q) = 2*q**3 + 12*q**2 + 55*q - 27. Determine v(-7).
-510
Let z(n) = 5*n**3 - 35*n**2 - 205*n + 20. Determine z(-4).
-40
Let x(q) = -1340*q - 18889. Calculate x(-16).
2551
Let t(s) = -603321*s + 16289641. Calculate t(27).
-26
Let p(b) = 8530*b - 85380. Give p(10).
-80
Let d(a) = 32*a**3 - 11131*a**2 - 1738*a - 686. What is d(348)?
10
Let b(i) = 3*i**2 + 1208*i + 107483. Give b(-133).
-114
Let r(k) = 8721*k**2 + 8829*k + 54. Calculate r(-1).
-54
Let g(m) = -1141*m + 13373. Determine g(10).
1963
Let x(o) = -21862*o + 1595955. Calculate x(73).
29
Let f(b) = 1523*b + 25945. Give f(-17).
54
Let y(z) = -9932*z + 2145284. Determine y(216).
-28
Let v(h) = -5631*h - 737666. Give v(-131).
-5
Let r(h) = -136*h + 57807. Determine r(421).
551
Let c(d) = -603*d + 39767. Calculate c(66).
-31
Let y(w) = w**3 - 17*w**2 + 818*w - 7481. Determine y(10).
-1
Let k(p) = -p**2 - 813*p - 155987. Determine k(-310).
-57
Let c(g) = -3*g**3 - 3016*g**2 - 16000*g - 20. Determine c(-1000).
-20
Let d(y) = 1276*y + 20298. What is d(-16)?
-118
Let a(r) = 30*r**3 - 4*r**2 - 3765*r - 7524. Determine a(-2).
-250
Let i(g) = -2*g**2 + 7*g + 1107. What is i(-30)?
-903
Let d(o) = 8*o**3 - 1003*o**2 + 379*o - 560. What is d(125)?
-60
Let d(m) = 5569*m + 49662. Calculate d(-9).
-459
Let k(s) = -46*s - 2419. Calculate k(-58).
249
Let u(y) = 2*y**3 - 732*y**2 - 809*y + 27486. What is u(367)?
-39
Let s(i) = -i**3 - 7*i**2 + 218*i + 1784. Calculate s(-17).
968
Let d(j) = -131*j**3 - 136*j**2 + 46*j + 45. Calculate d(-1).
-6
Let w(x) = 49*x**3 + 38*x**2 + 67*x + 15. Give w(-3).
-1167
Let w(c) = 1823*c + 678190. What is w(-372)?
34
Let r(g) = -2361*g + 946759. Calculate r(401).
-2
Let w(z) = -1864*z - 46637. Determine w(-25).
-37
Let w(q) = -13*q**2 - 2766*q + 482. Determine w(-213).
-157
Let s(o) = o**3 + 380*o**2 + 4300*o - 42692. Give s(-368).
-4
Let a(g) = 163*g + 3005. Determine a(-18).
71
Let o(n) = -2377*n - 361523. What is o(-152)?
-219
Let x(p) = 9*p**2 - 34*p + 54. What is x(11)?
769
Let p(i) = -2*i**2 + 874*i - 57115. What is p(357)?
5
Let y(c) = 696*c - 11881. Calculate y(18).
647
Let w(a) = -203194*a - 2031923. Give w(-10).
17
Let v(y) = -15147*y - 15158. Give v(-1).
-11
Let w(c) = 57432*c + 29. Give w(0).
29
Let q(w) = 8529*w + 571447. Determine q(-67).
4
Let r(v) = 36*v + 9236. Give r(-216).
1460
Let d(a) = 881*a - 4288. Calculate d(6).
998
Let j(g) = 2*g**2 - 492*g + 29215. What is j(121)?
-1035
Let t(i) = -7342*i - 374451. Determine t(-51).
-9
Let z(a) = -3*a**2 - 425*a - 1687. What is z(-136)?
625
Let p(n) = n**3 + 39*n**2 + 416*n - 352. What is p(-18)?
-1036
Let m(a) = a**3 + 95*a**2 + 1173*a - 1054. What is m(-80)?
1106
Let n(x) = -27351*x - 574370. What is n(-21)?
1
Let z(f) = f**2 - 61*f - 3648. Calculate z(-40).
392
Let v(o) = -5*o**2 + 2164*o - 50516. Give v(408).
76
Let u(s) = 123*s**2 + 185*s + 20. Give u(2).
882
Let o(n) = 209*n + 46786. What is o(-225)?
-239
Let z(l) = -l**3 + 245*l**2 - 867*l - 23379. Give z(241).
-2
Let y(f) = -13*f**2 + 2257*f - 77269. Determine y(47).
93
Let q(p) = -22*p**2 + 449*p - 589. What is q(19)?
0
Let i(w) = 75*w**3 + 10*w**2 + 10*w + 12. What is i(-2)?
-568
Let z(x) = 22*x**2 - 16649*x - 100677. Calculate z(-6).
9
Let v(i) = -i**3 - 150*i**2 - 4798*i - 92. Determine v(-47).
-2113
Let t(p) = -1276887*p + 1276874. What is t(1)?
-13
Let j(b) = -2*b**2 + 433*b + 15345. Calculate j(-31).
0
Let f(l) = l**3 + 94*l**2 + 2196*l + 141. Calculate f(-51).
-12
Let q(i) = -i**2 - 1099*i - 10832. Calculate q(-10).
58
Let a(b) = -b**2 + 9184*b - 192419. Determine a(21).
4
Let v(t) = 300*t - 58504. What is v(195)?
-4
Let t(l) = l**2 + 2169*l + 23740. Give t(-11).
2
Let c(d) = -d**3 - 58*d**2 + 501*d + 36613. Give c(-55).
-17
Let m(v) = v**3 - 5